et g(i) = i**3 - 5*i**2 - 3*i - 8. Give g(5).
-23
Let g(k) = -28*k + 30. Determine g(2).
-26
Let x(y) = y**2 + 4*y - 1. Calculate x(-4).
-1
Let l(t) = -2*t - 28. Calculate l(-7).
-14
Let h(c) = -c**2 + 11*c - 22. Give h(9).
-4
Let n(u) = -52*u + 49. What is n(1)?
-3
Let o(f) = -2*f**2 + 8*f - 10. Calculate o(4).
-10
Let p(r) = -18*r - 9. Determine p(6).
-117
Let w(m) = 20*m + 130. Determine w(-9).
-50
Let n(q) = q**2 - 4*q - 4. Give n(0).
-4
Let x(w) = -2*w + 11. Determine x(6).
-1
Let f(g) = g**3 + 21*g**2 + 20*g + 5. What is f(-20)?
5
Let l(o) = -o**3 - 10*o**2 - 10*o + 4. Determine l(-8).
-44
Let p(c) = -c**2 - 2*c + 10. Give p(3).
-5
Let g(x) = 5*x - 7. What is g(-6)?
-37
Let g(i) = 20*i + 168. Give g(-9).
-12
Let t(h) = 4*h + 1. Determine t(4).
17
Let g(p) = -p**2 + 9*p + 4. What is g(9)?
4
Let s(h) = 7*h + 18. Give s(-3).
-3
Let d(x) = x**2 - 7*x - 23. Determine d(10).
7
Let w(i) = -i**2 + 4*i + 5. What is w(7)?
-16
Let b(q) = q**2 - 26*q + 22. What is b(20)?
-98
Let n(w) = w**2 + 7*w + 2. Give n(-3).
-10
Let k(p) = 2*p - 17. Determine k(9).
1
Let s(i) = i**2 - 20*i - 38. Determine s(22).
6
Let d(r) = 24*r - 16. What is d(1)?
8
Let i(s) = -53*s - 1. What is i(-2)?
105
Let n(l) = -8*l + 32. Give n(9).
-40
Let c(d) = d**2 + 15*d. Calculate c(-10).
-50
Let g(a) = -38*a**2 + a + 2. Determine g(-2).
-152
Let r(n) = 2*n**2 - 2*n + 4. Give r(-4).
44
Let u(o) = 2*o**2 + 7*o - 21. Calculate u(3).
18
Let i(k) = k**2 + 8*k + 8. What is i(-10)?
28
Let o(d) = 3*d + 18. Give o(-8).
-6
Let x(h) = 2*h**2 + 9*h + 8. Calculate x(-4).
4
Let l(t) = -7*t**2 - 91*t + 4. Calculate l(-13).
4
Let h(o) = o**3 - 4*o**2 - 6*o - 13. What is h(6)?
23
Let m(w) = 68*w - 608. Give m(9).
4
Let y(j) = -17*j + 104. Determine y(6).
2
Let b(x) = -x + 17. Calculate b(7).
10
Let p(w) = w**2 - 7*w + 1. What is p(8)?
9
Let h(n) = -11*n. Determine h(0).
0
Let j(r) = -r**3 + 7*r**2 - 4*r - 5. What is j(6)?
7
Let f(t) = 4*t**2 - 3*t - 5. Calculate f(-4).
71
Let q(p) = p**3 - 6*p**2 + 6*p + 3. Give q(5).
8
Let h(o) = o**3 - 11*o**2 - 27*o + 11. Determine h(13).
-2
Let z(l) = 2*l**2 + 13*l + 3. Give z(-7).
10
Let p(z) = z**2 - 6*z - 6. Determine p(5).
-11
Let z(p) = 3*p**3 + 2*p**2 - 1. Determine z(-1).
-2
Let t(f) = f - 33. Determine t(16).
-17
Let k(t) = -4*t - 5. Determine k(-3).
7
Let g(f) = 3*f - 6. Determine g(-6).
-24
Let r(t) = -t - 2. Determine r(-3).
1
Let z(t) = t + 8. What is z(4)?
12
Let s(x) = -3*x**2 + 2*x. Calculate s(3).
-21
Let j(w) = w**3 - 6*w**2 - 37*w + 197. Calculate j(7).
-13
Let f(x) = -24*x**3 - x**2 + x. Calculate f(1).
-24
Let j(c) = c**2 + 35*c + 38. Calculate j(-34).
4
Let c(h) = -h**3 + 7*h**2 - 3*h + 2. Calculate c(6).
20
Let h(w) = -4*w + 39. Determine h(12).
-9
Let h(f) = 19*f**3 + f**2 - 3*f + 2. What is h(1)?
19
Let v(d) = -2*d**2 - 7*d - 10. Determine v(-3).
-7
Let b(p) = -103*p**2 + p + 2. What is b(-1)?
-102
Let j(z) = -4*z - 30. Give j(-9).
6
Let r(y) = y**3 - 8*y**2 - 8*y - 13. What is r(9)?
-4
Let j(t) = t**3 - 9*t**2 - 23*t + 9. Give j(11).
-2
Let f(g) = -10*g + 89. Give f(9).
-1
Let h(x) = x + 13. Give h(-14).
-1
Let s(g) = 27*g - 58. What is s(2)?
-4
Let n(w) = 17*w**3 + 2*w + 2. Calculate n(-1).
-17
Let s(c) = -4*c + 2. What is s(-2)?
10
Let r(y) = y**3 + 7*y**2 - y - 9. Calculate r(-7).
-2
Let n(y) = -2*y**2 + 54*y + 59. What is n(28)?
3
Let u(b) = -b**2 - 49*b - 459. Determine u(-37).
-15
Let j(w) = w**3 - 2*w**2 - 6*w - 2. What is j(-3)?
-29
Let r(m) = -m - 23. Calculate r(-23).
0
Let r(l) = l - 22. Give r(15).
-7
Let c(z) = -2*z**2 - 38*z - 12. Give c(-19).
-12
Let y(j) = j**3 - 9*j**2 + 10*j + 11. Calculate y(9).
101
Let v(b) = 7*b. Determine v(-7).
-49
Let q(p) = 2*p**3 - 14*p**2 + 7*p - 50. What is q(7)?
-1
Let r(b) = -b**2 - b + 7. Give r(-3).
1
Let j(k) = -20*k + 4. What is j(8)?
-156
Let a(r) = r**3 + 8*r**2 + 2*r + 12. Give a(-8).
-4
Let s(t) = -2*t**2 + 23*t + 32. Determine s(13).
-7
Let q(l) = -l**2 + 19*l + 7. Give q(19).
7
Let z(n) = -n**3 - n - 45. Calculate z(0).
-45
Let d(x) = x**2 + 12*x + 12. What is d(-11)?
1
Let d(g) = g**3 - 6*g**2 - 30*g + 12. What is d(9)?
-15
Let t(y) = -6*y - 3. Calculate t(-5).
27
Let b(y) = 2*y**2 + 4*y + 10. What is b(-2)?
10
Let s(i) = 3*i**3 + i**2. Determine s(-1).
-2
Let m(z) = z**3 + 3*z**2 - 31*z - 17. What is m(-7)?
4
Let y(h) = -4*h**2 - 4*h - 1. Determine y(-2).
-9
Let n(p) = 3*p - 13. What is n(5)?
2
Let j(i) = -i**3 - 4*i**2 + 6*i + 4. What is j(-5)?
-1
Let g(n) = n**3 + 14*n**2 - 3*n. Calculate g(-14).
42
Let d(n) = n**3 + 4*n**2 - 4*n + 6. Determine d(-5).
1
Let f(v) = -4*v**2 + 7*v - 26. What is f(3)?
-41
Let y(v) = -v**2 - 20*v - 18. What is y(-12)?
78
Let c(f) = 5*f**2 + 1. Determine c(-1).
6
Let v(a) = 8*a - 42. What is v(5)?
-2
Let l(x) = -x**2 - 23*x - 39. What is l(-2)?
3
Let l(q) = 5*q + 98. What is l(-15)?
23
Let f(w) = w**3 + 7*w**2 - 28*w - 2. Determine f(-10).
-22
Let g(s) = 4*s**3 - 4*s**2 - 3*s + 1. Give g(-2).
-41
Let n(l) = 5*l + 13. Give n(-6).
-17
Let l(g) = 4*g + 13. What is l(-3)?
1
Let r(t) = t**2 - 8*t + 15. Determine r(6).
3
Let t(x) = x + 24. Determine t(-9).
15
Let w(y) = 2*y - 11. Determine w(8).
5
Let t(q) = q - 31. Give t(29).
-2
Let h(l) = -l**3 - 17*l**2 + 17*l - 24. What is h(-18)?
-6
Let k(n) = n**2 + 59*n + 290. Give k(-5).
20
Let x(d) = -3*d**2 + 21*d + 1. Determine x(7).
1
Let q(p) = -p**2 + 7*p - 16. What is q(5)?
-6
Let z(t) = t**2 - 9*t - 9. Determine z(7).
-23
Let p(l) = -l**3 - 2*l**2 + 3*l + 3. Calculate p(-4).
23
Let v(h) = h**3 - 10*h**2 + 4*h + 49. Give v(9).
4
Let m(y) = y**2 - 17*y - 3. Give m(17).
-3
Let g(d) = 3*d**3 - 26*d**2 - 39*d - 4. Calculate g(10).
6
Let b(t) = -t**2 + 2*t - 2. What is b(2)?
-2
Let a(l) = l**2 + 4*l - 6. Determine a(-6).
6
Let s(w) = w**3 - 8*w**2 + 10*w + 2. Determine s(7).
23
Let q(w) = 2*w**2 - 16*w + 19. Calculate q(3).
-11
Let m(h) = 31*h**2 - h. Determine m(-1).
32
Let s(n) = -3*n**2 + 12*n - 14. What is s(2)?
-2
Let y(c) = -c**3 + 6*c**2 - 2*c + 8. Give y(7).
-55
Let k(j) = -j**2 + 8*j - 3. Give k(6).
9
Let v(x) = x**2 + x. What is v(-7)?
42
Let f(d) = -25*d**2 - d. Give f(1).
-26
Let m(d) = -4*d + 46. Determine m(6).
22
Let d(h) = -h**2 - 19*h + 212. Determine d(-27).
-4
Let v(d) = 28*d**3 + d**2 - d + 1. Give v(1).
29
Let y(t) = -t - 3. Determine y(-12).
9
Let r(m) = 2*m - 37. Determine r(-14).
-65
Let t(p) = -p**3 + 18*p**2 + 14*p + 93. Calculate t(19).
-2
Let z(x) = -x - 9. Determine z(-11).
2
Let a(x) = x**3 + 25*x**2 - 28*x - 52. What is a(-26)?
0
Let l(z) = -z**2 + 104*z - 1021. Give l(11).
2
Let s(v) = -2*v**2 + 9*v - 14. Give s(4).
-10
Let c(q) = q**2 + 7*q + 16. Give c(-7).
16
Let o(y) = -12*y**2 - y + 1. Calculate o(-2).
-45
Let z(n) = n**2 - 16. Give z(5).
9
Let o(h) = -2*h**3 - 8*h**2 + 13*h + 6. Calculate o(-5).
-9
Let g(d) = -d**3 + 8*d**2 - 2*d - 4. Give g(8).
-20
Let u(o) = 3*o**2 + 2*o + 9. Give u(-2).
17
Let t(d) = -d**2 + 19*d - 4. What is t(8)?
84
Let m(t) = -34*t - 1. What is m(1)?
-35
Let o(k) = -k**3 - 9*k**2 + 4*k + 10. Determine o(-9).
-26
Let u(w) = 8*w**2 - 2*w - 1. Calculate u(-2).
35
Let z(s) = 11*s + 47. Calculate z(-9).
-52
Let z(b) = -2*b - 47. Determine z(-20).
-7
Let g(n) = -n**3 - 20*n**2 - 17*n + 39. Determine g(-19).
1
Let y(s) = -2*s**2 + 19*s + 12. Give y(10).
2
Let t(z) = z**2 + 32*z + 24. Determine t(-31).
-7
Let d(r) = -r**2 + 9*r - 4. Determine d(9).
-4
Let x(m) = 6*m + 4. Determine x(-5).
-26
Let s(g) = -3*g**2 - 13*g - 18. Determine s(-3).
-6
Let w(k) = -k**2 - 6*k + 22. Calculate w(-9).
-5
Let t(y) = -y**2 + 24*y + 57. Determine t(26).
5
Let x(n) = -30*n**3 + n. Determine x(-1).
29
Let g(y) = y**2 + 11*y + 8. What is g(-9)?
-10
Let r(x) = -2*x + 32. Give r(7).
18
Let p(h) = -h + 10. Determine p(-20).
30
Let b(n) = n**2 - 5*n - 1. What is b(5)?
-1
Let r(y) = -y**3 + 7*y**2 + 7*y + 1. What is r(8)?
-7
Let z(u) = u + 24. Give z(-18).
6
Let h(a) = 9*a - 115. Calculate h(13).
2
Let h(p) = p**2 - 12*p - 31. Determine h(14).
-3
Let j(o) = -o**3 - 3*o**2 + 8*o + 5. Give j(-5).
15
Let y(q) = 4*q**2 - 5*q - 8. Calculate y(-6).
166
Let c(f) = -f**3 + 9*f**2 + 1. What is c(9)?
1
Let r(b) = -b**3 + 24*b**2 + 2*b - 42. Calculate r(24).
6
Let w(y) = -y**3 + 11*y**2 - 4*y + 22. Calculate w(11).
-22
Let i(r) = 5*r**2 - 12*r + 16. Give i(4).
48
Let i(b) = -b**3 - 11*b*